{"id":108,"date":"2010-10-18T20:10:25","date_gmt":"2010-10-18T20:10:25","guid":{"rendered":"http:\/\/www.mybelovedcraft.com\/?page_id=2"},"modified":"2021-06-05T17:39:00","modified_gmt":"2021-06-05T17:39:00","slug":"about-2","status":"publish","type":"page","link":"https:\/\/mybelovedcraft.com\/site\/about-2\/","title":{"rendered":"Since 2008"},"content":{"rendered":"<div class=\"fcbkbttn_buttons_block\" id=\"fcbkbttn_left\"><div class=\"fcbkbttn_button\">\n                            <a href=\"https:\/\/www.facebook.com\/\" target=\"_blank\">\n                                <img src=\"https:\/\/mybelovedcraft.com\/site\/wp-content\/plugins\/social-buttons-pack\/facebook-button-plugin\/images\/standard-facebook-ico.png\" alt=\"Fb-Button\" \/>\n                            <\/a>\n                        <\/div><div class=\"fcbkbttn_like \"><fb:like href=\"https:\/\/mybelovedcraft.com\/site\/about-2\/\" action=\"like\" colorscheme=\"light\" layout=\"standard\" show-faces='false' width=\"225px\" size=\"small\"><\/fb:like><\/div><\/div><div class=\"pntrst_main_before_after\"><div class=\"pntrst-button-wrap\">\r\n\t\t\t\t\t\t\t<a data-pin-do=\"buttonBookmark\" data-pin-custom=\"\" href=\"https:\/\/www.pinterest.com\/pin\/create\/button\/\"><img data-pin-nopin=\"1\" class=\"pntrst-custom-pin\" src=\"https:\/\/mybelovedcraft.com\/site\/wp-content\/plugins\/social-buttons-pack\/bws-pinterest\/images\/pin.png\" width=\"60\"><\/a>\r\n\t\t\t\t\t\t<\/div><div class=\"pntrst-button-wrap \" >\r\n\t\t\t\t\t\t\t<a  data-pin-do=\"buttonFollow\" href=\"https:\/\/www.pinterest.com\/\/\">Follow me<\/a>\r\n\t\t\t\t\t\t<\/div><\/div><p><em>scroll down for english<\/em><\/p>\n<p>Ol\u00e1 a todos!!<br \/>\nSou a Lara Mafalda e estou aqui desde 2008!<br \/>\nN\u00e3o comecei com o crochet mas hoje \u00e9 o essencial deste blog. E tudo porque um dia, cansada de n\u00e3o fazer nada, decidi pegar numa das agulhas que povoaram toda a minha exist\u00eancia e come\u00e7ar a trabalhar. E assim nasceu \u00a0a <strong>my Beloved Craft.<\/strong><br \/>\nDesde ent\u00e3o muito tenho aperfei\u00e7oado, aprendido, conhecido e muito tenho feito com a agulha e linha.<br \/>\nEntretanto j\u00e1 tenho <del>dois filhos<\/del>\u00a0tr\u00eas filhos lindos, dois meninos e uma princesa, um gato chamado Pc\u00e1 e uma doce gatinha chamada Mic\u00e1. Uma fam\u00edlia digna de postal.<\/p>\n<p>Agrade\u00e7o a todos os que por aqui passam e ficam e me acompanham nesta esp\u00e9cie de di\u00e1rio que levar\u00e1 ao futuro aquilo que gosto e que vou fazendo, o que vai acontecendo e o que vou sendo.<\/p>\n<p>Podem me contactar atrav\u00e9s do mail lara@mybelovedcraft.com<\/p>\n<p>Obrigada a todos!<\/p>\n<p>::::<\/p>\n<p><em>Hi everyone!<\/em><br \/>\n<em>I&#8217;m Lara Mafalda and I&#8217;m here since 2008!<\/em><br \/>\n<em>I did not start with crochet but today is the essential of this blog. And all because one day, tired of doing nothing, I decided to grab one of \u00a0my mum&#8217;s needles and start working. And thus was born <strong>my Beloved Craft.<\/strong><\/em><br \/>\n<em>Since then I have improved a lot, learnt, known, and have done lot of works with needle and yarn.<\/em><br \/>\n<em>Meanwhile I have two beautiful boys and a girl.\u00a0<\/em><br \/>\n<em>Thanks to all who pass by and stay and accompany me in this kind of diary that will lead to future what I love and what I\u00b4m doing, what is happening and what I&#8217;m being.<\/em><br \/>\n<em>If you want you could contact me via email lara@mybelovedcraft.com<\/em><br \/>\n<em>Thank you all!<\/em><\/p>\n<p><em>\u00a0<iframe loading=\"lazy\" src=\"\/\/www.facebook.com\/plugins\/follow?href=https{ca63c85fbf3dc088fa9c3bfa2ee12335da2449b4b30498493e236a2dfc5d1fb9}3A{ca63c85fbf3dc088fa9c3bfa2ee12335da2449b4b30498493e236a2dfc5d1fb9}2F{ca63c85fbf3dc088fa9c3bfa2ee12335da2449b4b30498493e236a2dfc5d1fb9}2Fwww.facebook.com{ca63c85fbf3dc088fa9c3bfa2ee12335da2449b4b30498493e236a2dfc5d1fb9}2Flaramafalda&amp;layout=standard&amp;show_faces=true&amp;colorscheme=light&amp;width=450&amp;height=80\" width=\"107\" height=\"107\" frameborder=\"0\" scrolling=\"no\"><\/iframe><\/em><\/p>\n<p><span style=\"border-radius: 2px; text-indent: 20px; width: auto; padding: 0px 4px 0px 0px; text-align: center; font: bold 11px\/20px 'Helvetica Neue',Helvetica,sans-serif; color: #ffffff; background: #bd081c no-repeat scroll 3px 50{ca63c85fbf3dc088fa9c3bfa2ee12335da2449b4b30498493e236a2dfc5d1fb9} \/ 14px 14px; position: absolute; opacity: 1; z-index: 8675309; display: none; cursor: pointer;\">Guardar<\/span><\/p>\n<div class=\"pntrst_main_before_after\"><\/div>","protected":false},"excerpt":{"rendered":"<p>Follow me scroll down for english Ol\u00e1 a todos!! Sou a Lara Mafalda e estou aqui desde 2008! N\u00e3o comecei com o crochet mas hoje \u00e9 o essencial deste blog. E tudo porque um dia, cansada de n\u00e3o fazer nada, decidi pegar numa das agulhas que povoaram toda a minha exist\u00eancia e come\u00e7ar a trabalhar. [&hellip;]<\/p>\n","protected":false},"author":3,"featured_media":3067,"parent":0,"menu_order":0,"comment_status":"closed","ping_status":"closed","template":"","meta":[],"_links":{"self":[{"href":"https:\/\/mybelovedcraft.com\/site\/wp-json\/wp\/v2\/pages\/108"}],"collection":[{"href":"https:\/\/mybelovedcraft.com\/site\/wp-json\/wp\/v2\/pages"}],"about":[{"href":"https:\/\/mybelovedcraft.com\/site\/wp-json\/wp\/v2\/types\/page"}],"author":[{"embeddable":true,"href":"https:\/\/mybelovedcraft.com\/site\/wp-json\/wp\/v2\/users\/3"}],"replies":[{"embeddable":true,"href":"https:\/\/mybelovedcraft.com\/site\/wp-json\/wp\/v2\/comments?post=108"}],"version-history":[{"count":49,"href":"https:\/\/mybelovedcraft.com\/site\/wp-json\/wp\/v2\/pages\/108\/revisions"}],"predecessor-version":[{"id":3606,"href":"https:\/\/mybelovedcraft.com\/site\/wp-json\/wp\/v2\/pages\/108\/revisions\/3606"}],"wp:featuredmedia":[{"embeddable":true,"href":"https:\/\/mybelovedcraft.com\/site\/wp-json\/wp\/v2\/media\/3067"}],"wp:attachment":[{"href":"https:\/\/mybelovedcraft.com\/site\/wp-json\/wp\/v2\/media?parent=108"}],"curies":[{"name":"wp","href":"https:\/\/api.w.org\/{rel}","templated":true}]}}